 and 32109?
231
Calculate the highest common factor of 327 and 40731447.
327
Calculate the greatest common factor of 313124586 and 963.
321
What is the greatest common factor of 1219870 and 29850?
1990
Calculate the greatest common factor of 46 and 283924673.
23
Calculate the greatest common divisor of 442 and 10352218.
34
Calculate the highest common factor of 170912 and 40768.
1568
Calculate the highest common divisor of 144 and 26823816.
72
What is the greatest common divisor of 30048 and 582493?
313
Calculate the highest common divisor of 48 and 172855792.
16
Calculate the greatest common divisor of 277487 and 1379.
7
Calculate the greatest common divisor of 10780620 and 1048410.
10590
Calculate the greatest common divisor of 597376 and 68224.
1664
What is the greatest common divisor of 1834514 and 66?
22
What is the highest common factor of 3612 and 10256876?
1204
What is the greatest common divisor of 3836745 and 10110?
5055
What is the highest common divisor of 6444284 and 244?
244
Calculate the greatest common factor of 3853942812 and 1847.
1847
What is the greatest common divisor of 1078 and 4126094?
98
What is the greatest common divisor of 10304 and 7685818?
322
What is the highest common divisor of 183 and 872571?
3
Calculate the highest common divisor of 127266160 and 21700.
4340
What is the highest common factor of 1300563 and 6192747?
8613
Calculate the greatest common divisor of 515933033 and 253.
253
Calculate the highest common factor of 86323667 and 1003.
59
What is the highest common factor of 4 and 8230862?
2
What is the highest common factor of 60064528 and 48?
16
Calculate the highest common divisor of 12636 and 1273320.
972
What is the highest common divisor of 2163 and 833693?
7
Calculate the highest common factor of 329732 and 12107580.
1492
Calculate the highest common divisor of 364 and 7434518.
182
Calculate the highest common factor of 476104 and 3928.
8
What is the highest common factor of 3183 and 270144393?
3183
What is the highest common factor of 2186219 and 2424499?
5957
What is the greatest common factor of 6976 and 331419296?
3488
What is the highest common divisor of 474352 and 552?
184
What is the greatest common factor of 410 and 287122426?
82
Calculate the highest common divisor of 16 and 423002064.
16
What is the greatest common factor of 2727010437 and 12387?
12387
What is the greatest common factor of 5192 and 89672?
88
What is the greatest common divisor of 492798 and 426351?
69
What is the highest common divisor of 83195 and 739247?
2377
What is the greatest common factor of 86 and 37974?
2
What is the greatest common factor of 24617 and 3476559?
103
Calculate the highest common factor of 245 and 706235.
5
Calculate the highest common divisor of 114398305 and 805.
35
What is the highest common factor of 2134870 and 250?
10
What is the greatest common divisor of 2195638 and 2?
2
Calculate the highest common divisor of 53020796 and 69.
23
Calculate the highest common factor of 21395502 and 60.
6
Calculate the highest common divisor of 1908492 and 52752.
1884
What is the highest common factor of 39112 and 34576?
8
What is the highest common factor of 1238129 and 5?
1
Calculate the greatest common divisor of 1685 and 20855245.
1685
Calculate the greatest common divisor of 25774 and 17543678.
526
Calculate the greatest common factor of 10651 and 3059467797.
10651
What is the highest common factor of 98 and 253211469?
49
What is the highest common factor of 12 and 24015336?
12
What is the highest common divisor of 90503 and 24031?
7
What is the highest common divisor of 7912296 and 102816?
1512
What is the highest common factor of 2644 and 50444876?
2644
What is the greatest common divisor of 3230375 and 7525?
1075
Calculate the greatest common divisor of 143 and 12451.
1
Calculate the highest common factor of 36219488 and 403168.
9376
What is the highest common divisor of 62340 and 3180?
60
Calculate the highest common divisor of 6911245 and 55.
55
What is the highest common factor of 406778460 and 15240?
7620
Calculate the highest common divisor of 24770 and 103144757.
2477
Calculate the greatest common factor of 1078547 and 4297.
4297
Calculate the highest common factor of 3765000 and 400.
200
Calculate the greatest common factor of 535104 and 1696.
32
What is the highest common factor of 113 and 44023783?
113
What is the highest common divisor of 22927025 and 264?
11
Calculate the greatest common factor of 213897574 and 8118.
902
What is the greatest common divisor of 5302709 and 979?
89
What is the highest common divisor of 22 and 10236424?
22
What is the highest common divisor of 681900 and 960?
60
What is the highest common divisor of 1760600951 and 8861?
8861
What is the greatest common divisor of 1105750 and 25250?
250
What is the greatest common divisor of 2839348 and 6838?
526
Calculate the highest common factor of 758512 and 2096.
16
Calculate the greatest common divisor of 2226 and 5076246.
42
What is the greatest common factor of 840030 and 23540?
10
Calculate the highest common factor of 1140 and 3932810.
190
What is the greatest common factor of 63 and 679125069?
63
Calculate the highest common divisor of 191504250 and 1323.
1323
What is the greatest common divisor of 47256 and 20073?
3
Calculate the greatest common divisor of 613646 and 76208.
22
Calculate the greatest common divisor of 143 and 8059103.
13
What is the highest common divisor of 1095 and 504325245?
1095
What is the greatest common factor of 308127 and 184551?
813
Calculate the highest common divisor of 8729 and 79733395.
301
What is the greatest common factor of 40540 and 23105773?
2027
What is the highest common factor of 524708 and 893?
47
Calculate the highest common factor of 605 and 1848286495.
605
Calculate the highest common factor of 5255482 and 714.
34
What is the highest common factor of 231 and 3438512?
77
What is the highest common factor of 544270 and 54020?
370
What is the highest common factor of 67146 and 1302?
186
Calculate the highest common factor of 272 and 5915881.
17
Calculate the highest common divisor of 2940048720 and 180.
180
Calculate the highest common factor of 22796260 and 3052.
436
What is the highest common factor of 69347 and 7599089?
2237
Calculate the greatest common factor of 622740 and 160535.
485
What is the greatest common divisor of 471558804 and 12?
12
What is the greatest common factor of 5752872 and 648?
72
Calculate the greatest common factor of 196 and 35472766.
98
What is the highest common factor of 31998696 and 18?
6
Calculate the highest common factor of 496 and 780056.
8
What is the highest common divisor of 372 and 218609582?
62
Calculate the highest common factor of 293134704 and 6330.
1266
What is the greatest common divisor of 1297170 and 26040?
210
Calculate the greatest common divisor of 2610 and 2326554.
522
What is the highest common factor of 288090 and 3015?
45
Calculate the highest common divisor of 30 and 7911186.
6
Calculate the highest common divisor of 8721000 and 24.
24
What is the highest common factor of 3 and 22910478?
3
Calculate the highest common divisor of 1378980 and 7281.
9
What is the highest common factor of 3200870 and 814?
74
Calculate the highest common factor of 14 and 533673287.
7
What is the highest common divisor of 14052 and 77448?
12
What is the greatest common divisor of 420 and 7690620?
420
What is the greatest common divisor of 622 and 48486?
2
Calculate the greatest common factor of 17040 and 3656880.
240
What is the highest common factor of 4074317 and 533?
13
Calculate the highest common factor of 3666325 and 181975.
725
Calculate the highest common divisor of 557337293 and 1693.
1693
Calculate the highest common divisor of 1158927 and 10705002.
6699
Calculate the greatest common divisor of 3282390 and 30.
30
What is the highest common factor of 2294 and 5749763?
37
What is the highest common factor of 160 and 2716410?
10
What is the highest common divisor of 8259313 and 5485?
1097
What is the highest common factor of 757541 and 24651?
83
What is the greatest common factor of 1387 and 379867?
19
Calculate the highest common factor of 57174573 and 8671.
667
What is the greatest common factor of 3688172 and 10?
2
Calculate the h